5
What is the hundred thousands digit of 146350847?
3
What is the millions digit of 233811450?
3
What is the tens digit of 258004561?
6
What is the ten millions digit of 1078830711?
7
What is the ten thousands digit of 42720504?
2
What is the hundreds digit of 17252666?
6
What is the ten millions digit of 489102541?
8
What is the hundreds digit of 2351425187?
1
What is the tens digit of 28114576?
7
What is the hundred thousands digit of 30074158?
0
What is the hundreds digit of 35503735?
7
What is the ten millions digit of 5876559094?
7
What is the hundred thousands digit of 2538226831?
2
What is the ten millions digit of 325937914?
2
What is the ten millions digit of 98933005?
9
What is the billions digit of 1539100871?
1
What is the millions digit of 198304540?
8
What is the ten thousands digit of 62080742?
8
What is the units digit of 3208074?
4
What is the thousands digit of 305906896?
6
What is the hundred thousands digit of 340486665?
4
What is the hundred millions digit of 114682863?
1
What is the tens digit of 3293766262?
6
What is the units digit of 374619043?
3
What is the tens digit of 232344589?
8
What is the ten thousands digit of 50999875?
9
What is the units digit of 2932088097?
7
What is the hundred millions digit of 413530967?
4
What is the tens digit of 2061450?
5
What is the tens digit of 235822931?
3
What is the ten thousands digit of 1393478465?
7
What is the hundreds digit of 2781811621?
6
What is the units digit of 36973103?
3
What is the tens digit of 1503674497?
9
What is the thousands digit of 69485616?
5
What is the millions digit of 2767919566?
7
What is the hundred thousands digit of 1132991870?
9
What is the tens digit of 10163697?
9
What is the hundred thousands digit of 1183359325?
3
What is the tens digit of 2040106605?
0
What is the ten thousands digit of 21511260?
1
What is the hundred millions digit of 1054663733?
0
What is the ten millions digit of 168259773?
6
What is the hundred thousands digit of 259841170?
8
What is the hundred thousands digit of 135293177?
2
What is the ten millions digit of 1907574527?
0
What is the ten millions digit of 114211996?
1
What is the millions digit of 1591296170?
1
What is the thousands digit of 4226603786?
3
What is the tens digit of 819338710?
1
What is the ten millions digit of 105812947?
0
What is the ten thousands digit of 5379712439?
1
What is the millions digit of 5050491994?
0
What is the ten thousands digit of 2801468684?
6
What is the ten thousands digit of 69433132?
3
What is the hundred millions digit of 6648015456?
6
What is the thousands digit of 18318370?
8
What is the hundreds digit of 153972960?
9
What is the units digit of 272779396?
6
What is the ten millions digit of 7067342041?
6
What is the thousands digit of 1581727515?
7
What is the hundreds digit of 2839350904?
9
What is the thousands digit of 44993259?
3
What is the thousands digit of 70308219?
8
What is the ten millions digit of 893422573?
9
What is the ten thousands digit of 308776308?
7
What is the millions digit of 2901411039?
1
What is the hundred thousands digit of 44888132?
8
What is the hundreds digit of 824228405?
4
What is the units digit of 10823042?
2
What is the ten thousands digit of 67122105?
2
What is the millions digit of 7545605?
7
What is the units digit of 256220565?
5
What is the ten millions digit of 75531865?
7
What is the units digit of 16789591?
1
What is the units digit of 552239933?
3
What is the thousands digit of 493610927?
0
What is the hundred thousands digit of 91202484?
2
What is the ten millions digit of 4763876123?
6
What is the tens digit of 758686657?
5
What is the hundred millions digit of 2061225096?
0
What is the ten thousands digit of 2309904232?
0
What is the ten millions digit of 1582202540?
8
What is the tens digit of 269575160?
6
What is the millions digit of 1291293917?
1
What is the tens digit of 283834122?
2
What is the millions digit of 3855378?
3
What is the thousands digit of 386228139?
8
What is the tens digit of 96621381?
8
What is the millions digit of 6945334656?
5
What is the ten thousands digit of 106060203?
6
What is the units digit of 63533450?
0
What is the ten millions digit of 409523972?
0
What is the hundreds digit of 5594544966?
9
What is the millions digit of 87620137?
7
What is the millions digit of 137642568?
7
What is the tens digit of 57587059?
5
What is the thousands digit of 409048988?
8
What is the tens digit of 529775986?
8
What is the millions digit of 31607107?
1
What is the thousands digit of 99038382?
8
What is the hundred thousands digit of 199737045?
7
What is the hundred thousands digit of 1440439079?
4
What is the ten millions digit of 743351803?
4
What is the units digit of 2713115607?
7
What is the tens digit of 2220273146?
4
What is the thousands digit of 52543434?
3
What is the ten millions digit of 58879554?
5
What is the thousands digit of 1480018865?
8
What is the hundreds digit of 384111670?
6
What is the millions digit of 33442888?
3
What is the millions digit of 45511909?
5
What is the hundred millions digit of 760772624?
7
What is the ten millions digit of 191378468?
9
What is the ten thousands digit of 648402893?
0
What is the tens digit of 2119964834?
3
What is the hundred thousands digit of 181096669?
0
What is the hundreds digit of 761634766?
7
What is the hundred thousands digit of 34151623?
1
What is the millions digit of 301581767?
1
What is the ten millions digit of 1486247867?
8
What is the hundred millions digit of 2100293378?
1
What is the ten thousands digit of 43052747?
5
What is the tens digit of 41233471?
7
What is the ten millions digit of 53912897?
5
What is the ten thousands digit of 44074385?
7
What is the tens digit of 74630136?
3
What is the ten thousands digit of 23598363?
9
What is the hundreds digit of 3026090530?
5
What is the units digit of 44610589?
9
What is the units digit of 4012811800?
0
What is the units digit of 47799462?
2
What is the thousands digit of 481193817?
3
What is the hundreds digit of 82546962?
9
What is the millions digit of 2431484851?
1
What is the ten millions digit of 1651639111?
5
What is the ten thousands digit of 55806906?
0
What is the units digit of 511522157?
7
What is the millions digit of 560484842?
0
What is the units digit of 32683738?
8
What is the tens digit of 14759190?
9
What is the tens digit of 2238229122?
2
What is the thousands digit of 817660322?
0
What is the thousands digit of 10517324?
7
What is the ten thousands digit of 29084656?
8
What is the tens digit of 399697049?
4
What is the millions digit of 5734812?
5
What is the tens digit of 89399661?
6
What is the thousands digit of 3550509884?
9
What is the millions digit of 218204145?
8
What is the thousands digit of 16497112?
7
What is the hundreds digit of 3751279810?
8
What is the hundreds digit of 633780760?
7
What is the ten millions digit of 140608005?
4
What is the ten millions digit of 72013847?
7
What is the units digit of 3919519786?
6
What is the ten millions digit of 88765451?
8
What is the units digit of 18775115?
5
What is the tens digit of 205244078?
7
What is the hundred thousands digit of 49935395?
9
What is the tens digit of 1138069785?
8
What is the ten millions digit of 1413597467?
1
What is the hundred thousands digit of 6067296382?
2
What is the ten thousands digit of 221784605?
8
What is the tens digit of 69149961?
6
What is the thousands digit of 8665040?
5
What is the hundreds digit of 1202371466?
4
What is the hundreds digit of 2852274399?
3
What is the units digit of 158133075?
5
What is the units digit of 5441424894?
4
What is the hundred thousands digit of 274930345?
9
What is the hundred millions digit of 234024982?
2
What is the millions digit of 26724793?
6
What is the thousands digit of 109167842?
7
What is the millions digit of 385513952?
5
What is the ten millions digit of 1443971301?
4
What is the units digit of 443828661?
1
What is the hundreds digit of 100873482?
4
What is the units digit of 93727707?
7
What is the units digit of 14928432?
2
What is the hundred millions digit of 145478422?
1
What is the hundred millions digit of 269197423?
2
What is the ten thousands digit of 4669491?
6
What is the units digit of 882169645?
5
What is the hundred